Is 298601 composite?
False
Is 418501 a prime number?
False
Is 127189 a prime number?
True
Is 52571 a prime number?
True
Is 12347 a composite number?
False
Is 14503 a prime number?
True
Is 5951 a prime number?
False
Is 76355 prime?
False
Is 44007 prime?
False
Is 3902399 prime?
True
Is 267979 a prime number?
False
Is 589846 a composite number?
True
Is 1853 composite?
True
Is 47909 a prime number?
False
Is 5813 a prime number?
True
Is 50287 a composite number?
False
Is 5507 a prime number?
True
Is 905 a composite number?
True
Is 185581 composite?
True
Is 23117 prime?
True
Is 6476979 a prime number?
False
Is 297457 a composite number?
False
Is 36341 a composite number?
False
Is 303409 a prime number?
True
Is 1733 a composite number?
False
Is 43991 a prime number?
True
Is 37427 composite?
True
Is 247967 a composite number?
True
Is 2459 a composite number?
False
Is 1001177 prime?
True
Is 21839 a composite number?
False
Is 3109 prime?
True
Is 5707 prime?
False
Is 24611 a prime number?
True
Is 13751 prime?
True
Is 205655 a prime number?
False
Is 95671 composite?
True
Is 233005 a composite number?
True
Is 194437 a prime number?
False
Is 80551 prime?
False
Is 379913 a prime number?
True
Is 116027 a composite number?
False
Is 49409 a prime number?
True
Is 6607 a composite number?
False
Is 170441 composite?
False
Is 54617 a prime number?
True
Is 17998 a prime number?
False
Is 914849 a prime number?
False
Is 4727285 a prime number?
False
Is 3953 a composite number?
True
Is 4091 prime?
True
Is 154747 a prime number?
True
Is 573011 a prime number?
False
Is 95833 prime?
False
Is 4292533 a composite number?
True
Is 4703 composite?
False
Is 10243 composite?
False
Is 3863 prime?
True
Is 47681 a prime number?
True
Is 217879 prime?
False
Is 42611 a prime number?
True
Is 17783 a composite number?
False
Is 641 a prime number?
True
Is 51631 prime?
True
Is 7069 composite?
False
Is 11443 a composite number?
False
Is 523193 prime?
False
Is 38011 composite?
False
Is 187783 a composite number?
True
Is 6568603 a prime number?
True
Is 13393 a composite number?
True
Is 152981 prime?
True
Is 2937283 prime?
True
Is 637913 composite?
True
Is 1734247 a prime number?
True
Is 26419 composite?
True
Is 92551 prime?
True
Is 5933 prime?
False
Is 27505 composite?
True
Is 19193 composite?
True
Is 95857 a composite number?
False
Is 2749 a composite number?
False
Is 803207 a composite number?
False
Is 819719 composite?
False
Is 528467 a composite number?
True
Is 70241 prime?
True
Is 85513 a prime number?
True
Is 401 a composite number?
False
Is 7283 a prime number?
True
Is 971 composite?
False
Is 2391 prime?
False
Is 1104079 composite?
False
Is 5809 prime?
False
Is 37033 a composite number?
True
Is 53962 a prime number?
False
Is 113 composite?
False
Is 6467 a composite number?
True
Is 29157 composite?
True
Is 129097 composite?
False
Is 668153 a composite number?
False
Is 2493179 a composite number?
True
Is 2443501 composite?
False
Is 6443 a prime number?
False
Is 7573 prime?
True
Is 3831 a prime number?
False
Is 64577 a prime number?
True
Is 166223 prime?
False
Is 193789 a prime number?
True
Is 869069 composite?
False
Is 145531 a composite number?
False
Is 115435 a composite number?
True
Is 1684919 composite?
False
Is 81509 composite?
False
Is 1211129 prime?
False
Is 43 composite?
False
Is 4393 prime?
False
Is 326831 composite?
False
Is 8057 a prime number?
False
Is 269663 prime?
True
Is 168933 composite?
True
Is 26057 composite?
True
Is 17647 a prime number?
False
Is 45481 composite?
False
Is 19078 composite?
True
Is 5147 a composite number?
False
Is 61733 prime?
False
Is 256661 a prime number?
True
Is 6599 prime?
True
Is 639043 a prime number?
True
Is 4766 composite?
True
Is 357851 composite?
True
Is 139067 prime?
True
Is 1499 a prime number?
True
Is 167131 a composite number?
True
Is 5807 prime?
True
Is 78041 a composite number?
False
Is 4481 a prime number?
True
Is 233 composite?
False
Is 58873 prime?
False
Is 5033 prime?
False
Is 11099 composite?
True
Is 285949 a composite number?
False
Is 16871 a composite number?
False
Is 6779 a composite number?
False
Is 9719 composite?
False
Is 46957 composite?
False
Is 74047 composite?
False
Is 15247 a prime number?
False
Is 17707 a prime number?
True
Is 355777 a composite number?
False
Is 2326899 a prime number?
False
Is 4721 composite?
False
Is 78203 a prime number?
True
Is 82781 composite?
False
Is 294715 composite?
True
Is 217229 a composite number?
False
Is 73709 a prime number?
True
Is 35702 a composite number?
True
Is 20281 prime?
False
Is 839039 a prime number?
False
Is 5545 a prime number?
False
Is 471 prime?
False
Is 6757 a composite number?
True
Is 13751 a composite number?
False
Is 107239 composite?
True
Is 1109 composite?
False
Is 3793 prime?
True
Is 1418 prime?
False
Is 186061 prime?
False
Is 2921 composite?
True
Is 38411 a prime number?
False
Is 11863 a prime number?
True
Is 39293 prime?
True
Is 486937 a prime number?
False
Is 2510179 a composite number?
True
Is 2939 a prime number?
True
Is 40423 composite?
False
Is 1071503 a prime number?
False
Is 182747 prime?
True
Is 4666 a composite number?
True
Is 49391 composite?
False
Is 902131 a prime number?
False
Is 43259 prime?
False
Is 8353 a composite number?
False
Is 71387 a composite number?
False
Is 1585 a composite number?
True
Is 103913 composite?
False
Is 24257 composite?
True
Is 91619 prime?
False
Is 357859 prime?
True
Is 21237 prime?
False
Is 61001 a prime number?
True
Is 348709 composite?
False
Is 1003171 a composite number?
True
Is 73907 prime?
True
Is 184597 prime?
False
Is 419 a composite number?
False
Is 1344637 a composite number?
True
Is 11777 a prime number?
True
Is 244973 composite?
True
Is 178 a prime number?
False
Is 113 prime?
True
Is 1347637 prime?
True
Is 70051 prime?
True
Is 47777 composite?
False
Is 7781 composite?
True
Is 1439 a composite number?
False
Is 4038167 a prime number?
False
Is 79522 prime?
False
Is 150754 a composite number?
True
Is 149007 a composite number?
True
Is 506707 a prime number?
False
Is 1423039 prime?
True
Is 2481 prime?
False
Is 185593 composite?
False
Is 5227 composite?
False
Is 31214 a prime number?
False
Is 1623 composite?
True
Is 57881 a composite number?
False
Is 9293 prime?
True
Is 309503 prime?
True
Is 434021 prime?
False
Is 3203 prime?
True
Is 681 composite?
True
Is 19283 prime?
False
Is 6421 composite?
False
Is 27551 a prime number?
True
Is 5839 a composite number?
False
Is 2819 a prime number?
True
Is 55127 composite?
False
Is 567913 composite?
True
Is 1259 prime?
True
Is 2460277 a prime number?
True
Is 25958 composite?
True
Is 50671 a composite number?
False
Is 1135 a composite number?
True
Is 8263 prime?
True
Is 5407931 prime?
True
Is 62203 prime?
False
Is 714895 a prime number?
False
Is 41989 composite?
True
Is 486295 prime?
False
Is 61519 prime?
True
Is 2773 a composite number?
True
Is 17707 a composite number?
False
Is 24281 composite?
False
Is 37403 a composite number?
True
Is 140863 a composite number?
False
Is 210709 prime?
True
Is 610583 prime?
True
Is 2157 a prime number?
False
Is 2031 composite?
True
Is 83245 composite?
True
Is 194 composite?
True
Is 167611 prime?
True
Is 427213 a composite number?
False
Is 809599 a composite number?
True
Is 75281 prime?
False
Is 2935 a composite number?
True
Is 443359 prime?
False
Is 367049 a composite number?
False
Is 2819 a prime number?
True
Is 895459 a composite number?
True
Is 56251 a prime number?
False
Is 613 a composite number?
False
Is 2361 a prime number?
False
Is 64451 a prime number?
True
Is 798529 a prime number?
False
Is 115131 a composite number?
True
Is 435491 prime?
False
Is 10211 a prime number?
True
Is 42101 composite?
False
Is 345647 composite?
False
Is 18553 prime?
True
Is 358349 a prime number?
True
Is 583 prime?
False
Is 1105571 a prime number?
True
Is 24481 a composite number?
False
Is 3433 a composite number?
False
Is 49561 composite?
True
Is 57347 composite?
False
Is 253541 a composite number?
True
Is 34637 a composite number?
True
Is 2395 composite?
True
Is 44645 prime?
False
Is 15217 prime?
True
Is 63929 a composite number?
False
Is 157207 a composite number?
False
Is 287731 a prime number?
True
Is 24643 prime?
False
Is 236399 prime?
True
Is 147481 